{"id":12490,"date":"2023-03-06T14:00:36","date_gmt":"2023-03-06T13:00:36","guid":{"rendered":"https:\/\/gregpenne.com\/mainsite\/?post_type=product&#038;p=12490"},"modified":"2023-09-28T22:33:06","modified_gmt":"2023-09-28T20:33:06","slug":"surf-bradley-roman-shortboard-511-neuf","status":"publish","type":"product","link":"https:\/\/gregpenne.com\/mainsite\/shop\/surf-bradley-roman-shortboard-511-neuf\/","title":{"rendered":"Surf BRADLEY Roman Shortboard 5&rsquo;11\u00a0\u00bb Neuf"},"content":{"rendered":"<p>Description Site Bradley :<br \/>\nShortboard Haute performance surf\u00e9 et test\u00e9 par Leo Fioravanti dans toutes les conditions. La Roman a l\u00e9ger rocker avant continuant sur un rocker plutot plat pour se terminer sur un agressif lift pour des turns puissants. Le rocker plat du milieu augmentera votre vitesse afin de pouvoir passer les sections. Cette board sort avec un Squash tail standard et un simple \u00e0 l\u00e9ger double concave.<\/p>\n<p>CONCAVE<br \/>\nSimple \u00e0 l\u00e9ger double concave.<\/p>\n<p>ROCKER<br \/>\nRocker avant l\u00e9ger, plat au milieu et un flip assez tardif sur l&rsquo;arri\u00e8re pour des virages performants dans des conditions puissantes.<\/p>\n<p>RAILS<br \/>\nMedium pour un style performant.<\/p>\n<p>NOSE &amp; TAIL<br \/>\nSquash tail standard un peu arrondi sur les bords pour contr\u00f4ler ses manoeuvres.<\/p>\n<p>CONFIGURATION DES DERIVES<br \/>\nFutures positionn\u00e9 pour un surf tout en contr\u00f4le.<\/p>\n<p>TECHNOLOGIE<br \/>\nPain de mousse PU de la marque Burford. Glass\u00e9e 4x4x4 fibre de verre de la marque Hexcel. R\u00e9sine polyester de la marque Silmar. Disponible en glassage comp\u00e9tition sur mesure 4&#215;4 avec patch arri\u00e8re.<\/p>\n","protected":false},"excerpt":{"rendered":"<p>Cette Board est Neuve et n&rsquo;a jamais \u00e9t\u00e9 surf\u00e9 !<br \/>\nTaille : 5&rsquo;11\u00a0\u00bb<br \/>\nLarg. : 18 3\/4<br \/>\nEpais. : 2 5\/16<br \/>\nVolume : 26,8 lts<br \/>\nBoitier Futures Fins. Vente cause nouveau projet&#8230; Livr\u00e9 sans d\u00e9rives<br \/>\nPossibilit\u00e9 Livraison (Port en Sus)<\/p>\n","protected":false},"featured_media":12547,"template":"","meta":[],"product_brand":[],"product_cat":[1206],"product_tag":[1287,1291,1286],"class_list":{"0":"post-12490","1":"product","2":"type-product","3":"status-publish","4":"has-post-thumbnail","6":"product_cat-boards","7":"product_tag-bradley","8":"product_tag-occasion","9":"product_tag-surf","10":"product_shipping_class-livraison-surf-fr","12":"first","13":"outofstock","14":"sale","15":"shipping-taxable","16":"purchasable","17":"product-type-simple"},"yoast_head":"<!-- This site is optimized with the Yoast SEO plugin v27.3 - https:\/\/yoast.com\/product\/yoast-seo-wordpress\/ -->\n<title>Surf BRADLEY Roman Shortboard 5&#039;11&quot; Neuf - GREG PENNE<\/title>\n<meta name=\"description\" content=\"Surf Shortboard BRADLEY Haute performance surf\u00e9 et test\u00e9 par Leo Fioravanti dans toutes les conditions. Cette Board est Neuve et n&#039;a jamais \u00e9t\u00e9 surf\u00e9 !\" \/>\n<meta name=\"robots\" content=\"index, follow, max-snippet:-1, max-image-preview:large, max-video-preview:-1\" \/>\n<link rel=\"canonical\" href=\"https:\/\/gregpenne.com\/mainsite\/shop\/surf-bradley-roman-shortboard-511-neuf\/\" \/>\n<meta property=\"og:locale\" content=\"fr_FR\" \/>\n<meta property=\"og:type\" content=\"article\" \/>\n<meta property=\"og:title\" content=\"Surf BRADLEY Roman Shortboard 5&#039;11&quot; Neuf - GREG PENNE\" \/>\n<meta property=\"og:description\" content=\"Surf Shortboard BRADLEY Haute performance surf\u00e9 et test\u00e9 par Leo Fioravanti dans toutes les conditions. Cette Board est Neuve et n&#039;a jamais \u00e9t\u00e9 surf\u00e9 !\" \/>\n<meta property=\"og:url\" content=\"https:\/\/gregpenne.com\/mainsite\/shop\/surf-bradley-roman-shortboard-511-neuf\/\" \/>\n<meta property=\"og:site_name\" content=\"GREG PENNE\" \/>\n<meta property=\"article:publisher\" content=\"http:\/\/www.facebook.com\/gregpenne\" \/>\n<meta property=\"article:modified_time\" content=\"2023-09-28T20:33:06+00:00\" \/>\n<meta property=\"og:image\" content=\"https:\/\/gregpenne.com\/mainsite\/wp-content\/uploads\/2019\/04\/IMG_2168-e1614099218387.jpeg\" \/>\n\t<meta property=\"og:image:width\" content=\"1224\" \/>\n\t<meta property=\"og:image:height\" content=\"1920\" \/>\n\t<meta property=\"og:image:type\" content=\"image\/jpeg\" \/>\n<meta name=\"twitter:card\" content=\"summary_large_image\" \/>\n<meta name=\"twitter:site\" content=\"@GregPenne\" \/>\n<meta name=\"twitter:label1\" content=\"Dur\u00e9e de lecture estim\u00e9e\" \/>\n\t<meta name=\"twitter:data1\" content=\"1 minute\" \/>\n<script type=\"application\/ld+json\" class=\"yoast-schema-graph\">{\"@context\":\"https:\\\/\\\/schema.org\",\"@graph\":[{\"@type\":\"WebPage\",\"@id\":\"https:\\\/\\\/gregpenne.com\\\/mainsite\\\/shop\\\/surf-bradley-roman-shortboard-511-neuf\\\/\",\"url\":\"https:\\\/\\\/gregpenne.com\\\/mainsite\\\/shop\\\/surf-bradley-roman-shortboard-511-neuf\\\/\",\"name\":\"Surf BRADLEY Roman Shortboard 5'11\\\" Neuf - GREG PENNE\",\"isPartOf\":{\"@id\":\"https:\\\/\\\/gregpenne.com\\\/mainsite\\\/#website\"},\"primaryImageOfPage\":{\"@id\":\"https:\\\/\\\/gregpenne.com\\\/mainsite\\\/shop\\\/surf-bradley-roman-shortboard-511-neuf\\\/#primaryimage\"},\"image\":{\"@id\":\"https:\\\/\\\/gregpenne.com\\\/mainsite\\\/shop\\\/surf-bradley-roman-shortboard-511-neuf\\\/#primaryimage\"},\"thumbnailUrl\":\"https:\\\/\\\/gregpenne.com\\\/mainsite\\\/wp-content\\\/uploads\\\/2019\\\/04\\\/IMG_2168-e1614099218387.jpeg\",\"datePublished\":\"2023-03-06T13:00:36+00:00\",\"dateModified\":\"2023-09-28T20:33:06+00:00\",\"description\":\"Surf Shortboard BRADLEY Haute performance surf\u00e9 et test\u00e9 par Leo Fioravanti dans toutes les conditions. Cette Board est Neuve et n'a jamais \u00e9t\u00e9 surf\u00e9 !\",\"breadcrumb\":{\"@id\":\"https:\\\/\\\/gregpenne.com\\\/mainsite\\\/shop\\\/surf-bradley-roman-shortboard-511-neuf\\\/#breadcrumb\"},\"inLanguage\":\"fr-FR\",\"potentialAction\":[{\"@type\":\"ReadAction\",\"target\":[\"https:\\\/\\\/gregpenne.com\\\/mainsite\\\/shop\\\/surf-bradley-roman-shortboard-511-neuf\\\/\"]}]},{\"@type\":\"ImageObject\",\"inLanguage\":\"fr-FR\",\"@id\":\"https:\\\/\\\/gregpenne.com\\\/mainsite\\\/shop\\\/surf-bradley-roman-shortboard-511-neuf\\\/#primaryimage\",\"url\":\"https:\\\/\\\/gregpenne.com\\\/mainsite\\\/wp-content\\\/uploads\\\/2019\\\/04\\\/IMG_2168-e1614099218387.jpeg\",\"contentUrl\":\"https:\\\/\\\/gregpenne.com\\\/mainsite\\\/wp-content\\\/uploads\\\/2019\\\/04\\\/IMG_2168-e1614099218387.jpeg\",\"width\":1224,\"height\":1920},{\"@type\":\"BreadcrumbList\",\"@id\":\"https:\\\/\\\/gregpenne.com\\\/mainsite\\\/shop\\\/surf-bradley-roman-shortboard-511-neuf\\\/#breadcrumb\",\"itemListElement\":[{\"@type\":\"ListItem\",\"position\":1,\"name\":\"Accueil\",\"item\":\"https:\\\/\\\/gregpenne.com\\\/mainsite\\\/\"},{\"@type\":\"ListItem\",\"position\":2,\"name\":\"BOUTIQUE\",\"item\":\"https:\\\/\\\/gregpenne.com\\\/mainsite\\\/boutique\\\/\"},{\"@type\":\"ListItem\",\"position\":3,\"name\":\"Surf BRADLEY Roman Shortboard 5&#8217;11&#8221; Neuf\"}]},{\"@type\":\"WebSite\",\"@id\":\"https:\\\/\\\/gregpenne.com\\\/mainsite\\\/#website\",\"url\":\"https:\\\/\\\/gregpenne.com\\\/mainsite\\\/\",\"name\":\"GREG PENNE\",\"description\":\"Official Website of Greg Penne - Windsurf and SUP as ambassador for Surfrider Foundation Europe\",\"potentialAction\":[{\"@type\":\"SearchAction\",\"target\":{\"@type\":\"EntryPoint\",\"urlTemplate\":\"https:\\\/\\\/gregpenne.com\\\/mainsite\\\/?s={search_term_string}\"},\"query-input\":{\"@type\":\"PropertyValueSpecification\",\"valueRequired\":true,\"valueName\":\"search_term_string\"}}],\"inLanguage\":\"fr-FR\"}]}<\/script>\n<!-- \/ Yoast SEO plugin. -->","yoast_head_json":{"title":"Surf BRADLEY Roman Shortboard 5'11\" Neuf - GREG PENNE","description":"Surf Shortboard BRADLEY Haute performance surf\u00e9 et test\u00e9 par Leo Fioravanti dans toutes les conditions. Cette Board est Neuve et n'a jamais \u00e9t\u00e9 surf\u00e9 !","robots":{"index":"index","follow":"follow","max-snippet":"max-snippet:-1","max-image-preview":"max-image-preview:large","max-video-preview":"max-video-preview:-1"},"canonical":"https:\/\/gregpenne.com\/mainsite\/shop\/surf-bradley-roman-shortboard-511-neuf\/","og_locale":"fr_FR","og_type":"article","og_title":"Surf BRADLEY Roman Shortboard 5'11\" Neuf - GREG PENNE","og_description":"Surf Shortboard BRADLEY Haute performance surf\u00e9 et test\u00e9 par Leo Fioravanti dans toutes les conditions. Cette Board est Neuve et n'a jamais \u00e9t\u00e9 surf\u00e9 !","og_url":"https:\/\/gregpenne.com\/mainsite\/shop\/surf-bradley-roman-shortboard-511-neuf\/","og_site_name":"GREG PENNE","article_publisher":"http:\/\/www.facebook.com\/gregpenne","article_modified_time":"2023-09-28T20:33:06+00:00","og_image":[{"width":1224,"height":1920,"url":"https:\/\/gregpenne.com\/mainsite\/wp-content\/uploads\/2019\/04\/IMG_2168-e1614099218387.jpeg","type":"image\/jpeg"}],"twitter_card":"summary_large_image","twitter_site":"@GregPenne","twitter_misc":{"Dur\u00e9e de lecture estim\u00e9e":"1 minute"},"schema":{"@context":"https:\/\/schema.org","@graph":[{"@type":"WebPage","@id":"https:\/\/gregpenne.com\/mainsite\/shop\/surf-bradley-roman-shortboard-511-neuf\/","url":"https:\/\/gregpenne.com\/mainsite\/shop\/surf-bradley-roman-shortboard-511-neuf\/","name":"Surf BRADLEY Roman Shortboard 5'11\" Neuf - GREG PENNE","isPartOf":{"@id":"https:\/\/gregpenne.com\/mainsite\/#website"},"primaryImageOfPage":{"@id":"https:\/\/gregpenne.com\/mainsite\/shop\/surf-bradley-roman-shortboard-511-neuf\/#primaryimage"},"image":{"@id":"https:\/\/gregpenne.com\/mainsite\/shop\/surf-bradley-roman-shortboard-511-neuf\/#primaryimage"},"thumbnailUrl":"https:\/\/gregpenne.com\/mainsite\/wp-content\/uploads\/2019\/04\/IMG_2168-e1614099218387.jpeg","datePublished":"2023-03-06T13:00:36+00:00","dateModified":"2023-09-28T20:33:06+00:00","description":"Surf Shortboard BRADLEY Haute performance surf\u00e9 et test\u00e9 par Leo Fioravanti dans toutes les conditions. Cette Board est Neuve et n'a jamais \u00e9t\u00e9 surf\u00e9 !","breadcrumb":{"@id":"https:\/\/gregpenne.com\/mainsite\/shop\/surf-bradley-roman-shortboard-511-neuf\/#breadcrumb"},"inLanguage":"fr-FR","potentialAction":[{"@type":"ReadAction","target":["https:\/\/gregpenne.com\/mainsite\/shop\/surf-bradley-roman-shortboard-511-neuf\/"]}]},{"@type":"ImageObject","inLanguage":"fr-FR","@id":"https:\/\/gregpenne.com\/mainsite\/shop\/surf-bradley-roman-shortboard-511-neuf\/#primaryimage","url":"https:\/\/gregpenne.com\/mainsite\/wp-content\/uploads\/2019\/04\/IMG_2168-e1614099218387.jpeg","contentUrl":"https:\/\/gregpenne.com\/mainsite\/wp-content\/uploads\/2019\/04\/IMG_2168-e1614099218387.jpeg","width":1224,"height":1920},{"@type":"BreadcrumbList","@id":"https:\/\/gregpenne.com\/mainsite\/shop\/surf-bradley-roman-shortboard-511-neuf\/#breadcrumb","itemListElement":[{"@type":"ListItem","position":1,"name":"Accueil","item":"https:\/\/gregpenne.com\/mainsite\/"},{"@type":"ListItem","position":2,"name":"BOUTIQUE","item":"https:\/\/gregpenne.com\/mainsite\/boutique\/"},{"@type":"ListItem","position":3,"name":"Surf BRADLEY Roman Shortboard 5&#8217;11&#8221; Neuf"}]},{"@type":"WebSite","@id":"https:\/\/gregpenne.com\/mainsite\/#website","url":"https:\/\/gregpenne.com\/mainsite\/","name":"GREG PENNE","description":"Official Website of Greg Penne - Windsurf and SUP as ambassador for Surfrider Foundation Europe","potentialAction":[{"@type":"SearchAction","target":{"@type":"EntryPoint","urlTemplate":"https:\/\/gregpenne.com\/mainsite\/?s={search_term_string}"},"query-input":{"@type":"PropertyValueSpecification","valueRequired":true,"valueName":"search_term_string"}}],"inLanguage":"fr-FR"}]}},"_links":{"self":[{"href":"https:\/\/gregpenne.com\/mainsite\/wp-json\/wp\/v2\/product\/12490","targetHints":{"allow":["GET"]}}],"collection":[{"href":"https:\/\/gregpenne.com\/mainsite\/wp-json\/wp\/v2\/product"}],"about":[{"href":"https:\/\/gregpenne.com\/mainsite\/wp-json\/wp\/v2\/types\/product"}],"wp:featuredmedia":[{"embeddable":true,"href":"https:\/\/gregpenne.com\/mainsite\/wp-json\/wp\/v2\/media\/12547"}],"wp:attachment":[{"href":"https:\/\/gregpenne.com\/mainsite\/wp-json\/wp\/v2\/media?parent=12490"}],"wp:term":[{"taxonomy":"product_brand","embeddable":true,"href":"https:\/\/gregpenne.com\/mainsite\/wp-json\/wp\/v2\/product_brand?post=12490"},{"taxonomy":"product_cat","embeddable":true,"href":"https:\/\/gregpenne.com\/mainsite\/wp-json\/wp\/v2\/product_cat?post=12490"},{"taxonomy":"product_tag","embeddable":true,"href":"https:\/\/gregpenne.com\/mainsite\/wp-json\/wp\/v2\/product_tag?post=12490"}],"curies":[{"name":"wp","href":"https:\/\/api.w.org\/{rel}","templated":true}]}}